 4*a + 84. Calculate d(-8).
52
Let y(i) = -31*i - 59. Determine y(-2).
3
Let a(i) = -2*i - 35. Calculate a(-6).
-23
Let j(z) = -10*z**3 + z**2 + 3*z + 1. Calculate j(-2).
79
Let a(g) = -2*g + 4. Give a(-4).
12
Let j(u) = -u**3 + 38*u**2 - 105*u - 35. Calculate j(35).
-35
Let z(b) = b - 7. Give z(11).
4
Let f(z) = -3*z**2 + 40*z - 18. What is f(13)?
-5
Let k(p) = p - 12. What is k(-6)?
-18
Let d(i) = -2*i + 5. What is d(0)?
5
Let h(u) = -u + 40. Give h(12).
28
Let t(u) = u**3 - 6*u**2 - 5*u - 4. Calculate t(5).
-54
Let u(o) = 12*o + 4. What is u(-4)?
-44
Let g(x) = 3*x**2 - 21*x + 18. Give g(6).
0
Let z(b) = -b**3 + 4*b**2 - b - 3. Determine z(3).
3
Let w(z) = -z**3 - 2*z**2 + 5*z - 8. Give w(2).
-14
Let f(x) = -x**2 - 16*x - 21. Give f(-14).
7
Let q(u) = -5*u - 55. What is q(-21)?
50
Let l(o) = 14*o + 10. What is l(-7)?
-88
Let p(t) = -3*t**2 - 2*t + 4. Calculate p(-3).
-17
Let u(c) = c**3 + 3*c + 2. What is u(-2)?
-12
Let h(b) = b**2 - 4*b - 16. What is h(7)?
5
Let b(c) = 3*c + 35. What is b(-13)?
-4
Let k(r) = r**3 + 19*r**2 + 59*r + 13. Determine k(-4).
17
Let l(g) = -2*g - 1. What is l(1)?
-3
Let d(q) = -9*q - 7. Give d(5).
-52
Let q(f) = 2*f - 34. What is q(17)?
0
Let z(y) = -6*y - 7. Determine z(-4).
17
Let z(x) = -11*x - 97. Give z(-5).
-42
Let b(y) = -4*y**2 - 4*y + 5. Give b(1).
-3
Let a(x) = -15*x + 1. Give a(-1).
16
Let s(d) = -d**3 - 6*d**2 - 2*d + 3. Give s(-4).
-21
Let i(w) = w**3 + 3*w**2 - 11*w - 27. Give i(-5).
-22
Let r(v) = -19*v + 12. Give r(1).
-7
Let j(m) = m**2 - 8*m - 5. Determine j(6).
-17
Let l(m) = m**2 + 2*m - 11. Calculate l(3).
4
Let r(k) = k**2 - 15*k + 8. Calculate r(15).
8
Let c(l) = -2*l**3 + 13*l**2 + 9*l + 9. Give c(8).
-111
Let j(k) = -670*k + 674. What is j(1)?
4
Let o(f) = 4*f + 6. What is o(-5)?
-14
Let j(w) = -w**2 - 12*w - 14. Give j(-7).
21
Let z(k) = -k - 13. What is z(-13)?
0
Let w(b) = b**2 + 5*b + 7. Determine w(5).
57
Let t(b) = -b**3 - 10*b**2 + 23*b - 5. Give t(-12).
7
Let x(g) = -g**2 - 17*g - 2. Give x(-6).
64
Let d(q) = q**3 + 8*q**2 + 5*q - 8. What is d(-6)?
34
Let b(d) = -6*d**2 - 31*d - 48. Give b(-3).
-9
Let f(l) = 7*l**2 - 8*l + 16. What is f(4)?
96
Let n(r) = 2*r + 1. Give n(1).
3
Let d(c) = -c + 7. Determine d(5).
2
Let k(f) = -f**2 - 10*f - 15. Give k(-10).
-15
Let h(p) = -5*p - 1. Calculate h(-5).
24
Let a(k) = k**3 - 3*k**2 + k + 1. Give a(0).
1
Let x(c) = -2*c - 1. Give x(18).
-37
Let q(m) = -16*m + 72. Give q(4).
8
Let t(a) = a**2 + a - 7. Calculate t(-5).
13
Let c(q) = q**2 - 7*q + 8. Determine c(4).
-4
Let m(g) = g**2 + 7*g - 12. Give m(-9).
6
Let k(d) = -11*d - 231. What is k(-21)?
0
Let u(f) = -3*f**3 - 16*f**2 + 12*f + 5. Determine u(-6).
5
Let j(a) = 3*a**2 - 7*a + 3. Give j(3).
9
Let o(s) = -2*s**2 + 16*s + 11. Calculate o(-2).
-29
Let k(t) = -3*t + 44. What is k(14)?
2
Let o(s) = s + 21. What is o(-5)?
16
Let n(s) = -2*s**2 + 3*s + 1. Calculate n(3).
-8
Let c(d) = -d**3 - 13*d**2 - 19*d + 37. What is c(-11)?
4
Let l(g) = g**2 - 2. What is l(3)?
7
Let u(k) = -k**3 + 13*k**2 + 47*k + 19. Give u(16).
3
Let z(t) = t**3 + 6*t**2 - 10. Calculate z(-6).
-10
Let l(w) = w**2 + 3*w - 51. Determine l(0).
-51
Let z(v) = v**2 - 10*v - 1. Determine z(9).
-10
Let x(a) = -a**3 - 8*a**2 - 2. Give x(-8).
-2
Let d(q) = -q**2 - 11*q - 20. Calculate d(-9).
-2
Let n(d) = 6*d - 3. What is n(1)?
3
Let r(t) = t - 3. Determine r(7).
4
Let c(x) = -29*x**2 + 5*x - 14. Give c(2).
-120
Let m(r) = -2*r**3 - 10*r**2 - 4*r - 14. What is m(-5)?
6
Let i(u) = 5*u. Determine i(7).
35
Let p(f) = -3*f**2 - 10*f - 13. What is p(-6)?
-61
Let p(s) = -3*s - 12. Give p(-6).
6
Let g(i) = 11*i**3 - 2*i**2 - i. What is g(-2)?
-94
Let p(j) = -j**3 - 2*j + 1. What is p(0)?
1
Let d(j) = -j**2 - 23*j - 25. Calculate d(-21).
17
Let c(x) = 25*x - 2. Give c(2).
48
Let o(q) = q. Calculate o(-1).
-1
Let k(x) = 8*x + 26. Determine k(-2).
10
Let k(o) = -o - 74. Determine k(-24).
-50
Let l(f) = -35*f - 216. Calculate l(-6).
-6
Let o(u) = 2*u**3 + 4*u**2 - 2*u - 4. Calculate o(-3).
-16
Let b(o) = o**2 - 27*o - 53. Calculate b(29).
5
Let u(a) = -28*a**3 + 2*a**2 - 1. Calculate u(-1).
29
Let z(t) = -t**3 + t - 35. Give z(0).
-35
Let w(o) = 11*o**2 - 8*o - 7. Calculate w(2).
21
Let h(i) = i**2 + 2*i - 22. Calculate h(-6).
2
Let f(h) = -h + 5. Give f(-12).
17
Let m(h) = h**2 - 4*h - 28. Calculate m(-4).
4
Let y(r) = -r**2 + r + 55. What is y(-7)?
-1
Let n(h) = h**3 - 12*h**2 - 2*h + 29. What is n(12)?
5
Let c(f) = -f**2 + f - 10. Calculate c(7).
-52
Let d(w) = w**3 + 16*w**2 - 21*w - 103. Give d(-17).
-35
Let y(b) = -5*b**3 + 19*b**2 + 9*b - 2. Give y(4).
18
Let v(o) = o**2 + 10*o - 64. What is v(-15)?
11
Let t(u) = -u**3 + 7*u**2 - 7*u + 8. Determine t(6).
2
Let s(d) = -3*d - 2. Determine s(-1).
1
Let h(c) = -4*c**2 - 2*c + 3. Determine h(-3).
-27
Let h(o) = 51*o**2 + 2*o - 1. Give h(1).
52
Let t(u) = -u + 3. Determine t(5).
-2
Let n(v) = -15*v - 215. Give n(-14).
-5
Let x(h) = h**2 - 11*h + 5. Determine x(2).
-13
Let l(v) = -v**2 + 21*v - 27. Calculate l(20).
-7
Let n(f) = f**2 + 8*f + 17. Calculate n(-12).
65
Let u(s) = -6*s - 9. What is u(-1)?
-3
Let r(x) = -x**2 + 22*x - 123. What is r(13)?
-6
Let l(z) = z**2 + 39*z + 76. Determine l(-37).
2
Let v(r) = 3*r + 18. Calculate v(-16).
-30
Let v(z) = -z**2 + 39*z - 171. What is v(34)?
-1
Let d(l) = -61*l**3 + l**2 - 4*l + 2. Give d(1).
-62
Let l(v) = v + 2. Give l(0).
2
Let c(q) = q**2 - 16*q - 122. What is c(22)?
10
Let u(v) = 10*v**3. Determine u(-1).
-10
Let q(j) = -j**2 + 34*j - 124. What is q(4)?
-4
Let y(u) = -3*u**3 + 3*u**2 - u - 3. Give y(2).
-17
Let k(j) = -j**3 - 12*j**2 - 10*j + 1. Give k(-11).
-10
Let i(x) = 9*x - 12. Give i(2).
6
Let p(c) = -5*c**2 - 2*c - 3. Calculate p(-2).
-19
Let z(a) = a**2 + 12*a + 11. Give z(-11).
0
Let j(m) = -3*m + 22. Give j(5).
7
Let p(y) = -y**2 + 5*y + 1. Calculate p(6).
-5
Let x(t) = -t**3 - 26*t**2 + 5. Calculate x(-26).
5
Let g(c) = -2*c**2 - 17*c + 9. What is g(-9)?
0
Let l(t) = -t**3 - 5*t**2 + t - 7. What is l(-5)?
-12
Let d(u) = -19*u + 158. What is d(11)?
-51
Let y(v) = -3*v + 16. What is y(3)?
7
Let o(l) = 2*l**2 + 8*l + 12. Determine o(-3).
6
Let c(v) = 4*v**2 + 12*v + 16. Give c(-3).
16
Let y(r) = -3*r - 8. Determine y(-6).
10
Let z(t) = 17*t + 132. What is z(-9)?
-21
Let a(t) = 2*t**2 + 7*t - 25. What is a(3)?
14
Let s(q) = -5*q + 15. Determine s(4).
-5
Let l(o) = -o - 89. Determine l(0).
-89
Let h(s) = s**3 - 5*s**2 + 11*s - 26. Give h(6).
76
Let a(m) = 4*m**2 + m - 3. Determine a(-2).
11
Let a(u) = -7*u - 3. Give a(4).
-31
Let h(u) = -u**3 + 12*u**2 + 17*u - 16. Give h(13).
36
Let n(i) = i**2 + 12*i - 6. What is n(8)?
154
Let h(k) = k**3 - 10*k**2 - 3*k + 25. What is h(10)?
-5
Let h(a) = -73*a**2 - 2*a - 2. Determine h(-1).
-73
Let w(h) = h**2 + 5*h + 3. Determine w(-5).
3
Let f(s) = -s**2 - 8*s - 14. Give f(-2).
-2
Let v(n) = n**3 - 2*n**2 - n + 2. Calculate v(1).
0
Let c(m) = -375*m - 381. Determine c(-1).
-6
Let a(c) = 5*c - 5. Calculate a(-2).
-15
Let z(p) = -4*p + 17. Calculate z(5).
-3
Let x(z) = z - 2. Give x(-4).
-6
Let b(o) = -o**3 - 11*o**2 + 26*o - 4. Give b(-13).
-4
Let v(j) = j**3 + 21*j**2 + 20*j - 19. What is v(-20)?
-19
Let n(l) = -l - 8. Determine n(-9).
1
Let w(s) = s**3 + 24*s**2 + 24*s + 17. Give w(-23).
-6
Let j(p) = p**2 + 2*p - 2. What is j(-6)?
22
Let l(b) = -b**2 + 20*b + 85. What is l(21)?
64
Let b(i) = -3*i + 20. Give b(16).
-28
Let k(a) = -a - 2. Give k(15).
-17
Let q(n) = n**3 - 10*n**2 + 7*n - 79. Determine q(10).
-9
Let r(b) = b**2 + 16*b + 4. Give r(-16).
4
Let k(l) = -6*l + 3. Determine k(8).
-45
Let r(p) = -p**2 + 10*p - 1. Determine r(10).
-1
Let z(c) = c - 1. What is z(0)?
-1
Let j(b) = 7*b + 5. Calculate j(-6).
-37
Let s(d) = d**2 + 17*d + 23. Give s(-17).
23
Let t(y) = -3*y**2 + 11. What is t(5)?
-64
Let x(l) = 4*l**2 + 3. Give x(-4).
67
Let k(v) = v**3 - 12*v**2 + 14*v - 55. What is k(11)?
-22
Let w(f) = 16*f**3 - 1. Determine w(-1).
-17
Let u(r) = r**3 + r**2 + r + 2. Give u(-2).
-4
Let n(f) = -f**3 + 14*f**2 - 9*f - 48. Determine n(13).
4
Let v(j) = -6*j - 3. Calculate v(-10).
57
Let c(w) = 62*w + 426. Calculate c(-7).
-8
Let y(l) = 2*l**2 - 32*l + 45. Calculate y(16).
45
Let c(i) = 2*i**2 + 23*i - 202. Calculate c(6).
8
Let k(i) = i**3 + 3*i**2 - i - 5. What is k(-3)?
-2
Let x(n) = 